{"id":13764,"date":"2024-02-18T17:55:05","date_gmt":"2024-02-18T17:55:05","guid":{"rendered":"https:\/\/www.stoagallery.com\/?page_id=13764"},"modified":"2024-02-18T18:45:08","modified_gmt":"2024-02-18T18:45:08","slug":"jan-valdes","status":"publish","type":"page","link":"https:\/\/www.stoagallery.com\/en\/jan-valdes\/","title":{"rendered":"JAN VALDES"},"content":{"rendered":"<div class=\"wpb-content-wrapper\"><div class=\"vc_row wpb_row section vc_row-fluid \" style=' text-align:left;'><div class=\" full_section_inner clearfix\"><div class=\"wpb_column vc_column_container vc_col-sm-12\"><div class=\"vc_column-inner vc_custom_1435425032139\"><div class=\"wpb_wrapper\">\n\t<div class=\"wpb_text_column wpb_content_element \">\n\t\t<div class=\"wpb_wrapper\">\n\t\t\t<h1>JAN VALDES<\/h1>\n<div id=\"link64_adl_tabid\" style=\"display: none;\" data-url=\"http:\/\/www.stoagallery.com\/wp-admin\/post.php?post=3602&amp;action=edit&amp;lang=en\">39<\/div>\n\n\t\t<\/div> \n\t<\/div> <\/div><\/div><\/div><\/div><\/div><div      class=\"vc_row wpb_row section vc_row-fluid  vc_custom_1435433057859\" style=' text-align:left;'><div class=\" full_section_inner clearfix\"><div class=\"wpb_column vc_column_container vc_col-sm-3\"><div class=\"vc_column-inner\"><div class=\"wpb_wrapper\">\n\t<div class=\"wpb_single_image wpb_content_element vc_align_left  vc_custom_1708272135943\">\n\t\t<div class=\"wpb_wrapper\">\n\t\t\t\n\t\t\t<div class=\"vc_single_image-wrapper vc_box_shadow_border  vc_box_border_grey\"><img fetchpriority=\"high\" decoding=\"async\" width=\"300\" height=\"211\" src=\"https:\/\/www.stoagallery.com\/wp-content\/uploads\/2024\/02\/JAN-VALDES-300x211.jpg\" class=\"vc_single_image-img attachment-medium\" alt=\"\" title=\"JAN-VALDES\" srcset=\"https:\/\/www.stoagallery.com\/wp-content\/uploads\/2024\/02\/JAN-VALDES-300x211.jpg 300w, https:\/\/www.stoagallery.com\/wp-content\/uploads\/2024\/02\/JAN-VALDES.jpg 500w\" sizes=\"(max-width: 300px) 100vw, 300px\" \/><\/div>\n\t\t<\/div>\n\t<\/div>\n<\/div><\/div><\/div><div class=\"wpb_column vc_column_container vc_col-sm-9\"><div class=\"vc_column-inner vc_custom_1435433048401\"><div class=\"wpb_wrapper\">\n\t<div class=\"q_accordion_holder clearfix wpb_content_element accordion without_icon  not-column-inherit\" data-active-tab=\"\" data-collapsible=\"yes\" data-border-radius=\"0\">\n\t\t\t\n\t\t\t\t<h6 class=\"clearfix title-holder\" style=\"color: #000000; background-color: #ffffff;\"><span class=\"accordion_mark left_mark\"><span class=\"accordion_mark_icon\"><\/span><\/span><span class=\"tab-title\">ABOUT JAN VALDES<\/span><span class=\"accordion_mark right_mark\"><span class=\"accordion_mark_icon\"><\/span><\/span><\/h6>\n\t\t\t\t<div  class=\"accordion_content no_icon\">\n\t\t\t<div class=\"accordion_content_inner\">\n\t\t\t\t\n\t<div class=\"wpb_text_column wpb_content_element  fina\">\n\t\t<div class=\"wpb_wrapper\">\n\t\t\t<p><em>The artist was born in Havana (Cuba) in 1979. He studied Drawing, Painting, and Engraving at the Academy of Fine Arts of San Alejandro (Havana\/Cuba), where he has also worked as a teacher. He has participated in individual and group exhibitions in Cuba, Spain, and Canada. His work is figurative, colorful, and filled with a large dose of humor. Multiple influences emerge in his paintings that contribute to enriching his critical spirit. He reinterprets and paraphrases some works by the greatest painters in pieces of baroque compositions where exuberant nudes proliferate. But he also uses extraordinary literary pieces to reflect on great existential themes. As a Cuban artist, a critical vision of capitalist society and its contradictions could not be missed.<\/em><\/p>\n<p style=\"text-align: justify;\"><em><span class=\"Estilo89\">\u00a0<\/span><\/em><\/p>\n<div id=\"link64_adl_tabid\" style=\"display: none;\" data-url=\"http:\/\/www.stoagallery.com\/wp-admin\/post-new.php?lang=en&amp;post_type=page&amp;trid=276&amp;source_lang=es\">61<\/div>\n\n\t\t<\/div> \n\t<\/div> \n\t\t\t<\/div>\n\t\t\t\t<\/div>\n\n\t\t\t\t<h6 class=\"clearfix title-holder\" style=\"color: #000000;\"><span class=\"accordion_mark left_mark\"><span class=\"accordion_mark_icon\"><\/span><\/span><span class=\"tab-title\">CURRICULUM<\/span><span class=\"accordion_mark right_mark\"><span class=\"accordion_mark_icon\"><\/span><\/span><\/h6>\n\t\t\t\t<div  class=\"accordion_content no_icon\">\n\t\t\t<div class=\"accordion_content_inner\">\n\t\t\t\t\n\t<div class=\"wpb_text_column wpb_content_element \">\n\t\t<div class=\"wpb_wrapper\">\n\t\t\t<p><strong>JAN VALDES TELLEZ<br \/>\n<\/strong><\/p>\n<p><strong>\u00a0<\/strong><\/p>\n<p><strong>Academic Studies:<\/strong><\/p>\n<ul>\n<li>Drawing, Painting, Sculpture. Elementary School of Art \u201cAntonio Diaz Pelaez\u201d. La Habana, Cuba.<\/li>\n<li>Drawing, Painting, and Engraving. San Alejandro Academy of Fine Arts. La Habana, Cuba.<\/li>\n<li>Scenographic design. Higher Institute of Art. (ISA). Havana Cuba.<\/li>\n<\/ul>\n<p><strong>Solo exhibitions:<\/strong><strong>\u00a0<\/strong><\/p>\n<p>2024_ <em>Una mirada cubana<\/em>, solo exhibition, STOA Gallery, Spain. Curated by Conchi Alvarez<\/p>\n<p>2020_ <em>En La nada todo cabe<\/em>. Solo exhibition. Galer\u00eda Esto no es un caf\u00e9, La Habana, Cuba.<\/p>\n<p>2015_ Por <em>el Lado m\u00e1s salvaje de la vida<\/em>. Solo exhibition. Centro de Desarrollo de las Artes Visuales. Cuba<\/p>\n<p>2009_ Inventario. Solo exhibition. Fundaci\u00f3n Ludwig. Cuba.<\/p>\n<p>2008_ <em>Lo Extraordinario de la Vida Ordinaria<\/em>. Solo exhibition. Galer\u00eda 23 y 12. Cuba<\/p>\n<p>2005_ <em>Un poco de Todo<\/em>. Solo exhibition. Murcia, Espa\u00f1a.<\/p>\n<p>2004_ <em>Caprichos del destino<\/em>. Solo exhibition. Galer\u00eda A. D\u00edaz Pel\u00e1ez. Cuba.<\/p>\n<p>2001_ <em>Presunta Identidad<\/em>. Solo exhibition. Galer\u00eda Belkis Ay\u00f3n. Cuba.<\/p>\n<p><strong>Group exhibitions:<\/strong><strong>\u00a0<\/strong><\/p>\n<p>2022_<em>H\u00e9roes y villanos<\/em>. Group exhibition. Centro de Cultura Contempor\u00e1nea C\u00e1rcel Vieja. Ayuntamiento de Murcia, Two Art Gallery e Instituto de Arte y Cultura. Murcia, Espa\u00f1a.<\/p>\n<p>2008_ <em>Por unos d\u00f3lares M\u00e1s<\/em>. Art Toronto. Canada.<\/p>\n<p>2008_ <em>Anuario de pintores noveles<\/em>. Group exhibition. Galer\u00edas Fivars. Espa\u00f1a.<\/p>\n<p>2007_ <em>Cuba y Europa. Visiones<\/em>. Group exhibition. Edificio de la Quinta. Cuba<\/p>\n<p>2006 _ <em>III Sal\u00f3n \u201cPanorama 42\u201d.<\/em> Group exhibition. \u00a0Galer\u00eda Wilfredo Lam. Cuba.<\/p>\n<p>2003_ <em>I Sal\u00f3n Internacional de San Alejandro<\/em>. Group exhibition. Galer\u00eda A. D\u00edaz Pel\u00e1ez. Cuba.<\/p>\n<p>2002_ <em>Causa y Azares<\/em>. Group exhibition. Galer\u00eda Concha Ferrant. Cuba.<\/p>\n<p><strong>Awards:<\/strong><\/p>\n<p>2022_ First Prize in \u201cThe John Dalton &#8230;gently does it Art Prize.\u201d Kaleido.<\/p>\n<p>2006_ Audiovisual First Prize . III Sal\u00f3n \u201cPanorama 42\u201d. (Grupo Contrabajo.)<\/p>\n<p>2004_ Painting First Prize \u201c<em>Arturo Montoto<\/em>\u201d. San Alejandro Academy of Fine Arts. La Habana, Cuba<\/p>\n<div id=\"link64_adl_tabid\" style=\"display: none;\" data-url=\"http:\/\/www.stoagallery.com\/wp-admin\/post.php?post=3602&amp;action=edit&amp;lang=en\">35<\/div>\n\n\t\t<\/div> \n\t<\/div> \n\t\t\t<\/div>\n\t\t\t\t<\/div>\n\n\t<\/div> <\/div><\/div><\/div><\/div><\/div><div      class=\"vc_row wpb_row section vc_row-fluid \" style=' text-align:left;'><div class=\" full_section_inner clearfix\"><div class=\"wpb_column vc_column_container vc_col-sm-12\"><div class=\"vc_column-inner\"><div class=\"wpb_wrapper\">\t<div class=\"vc_empty_space\"  style=\"height: 50px\" ><span\n\t\t\tclass=\"vc_empty_space_inner\">\n\t\t\t<span class=\"empty_space_image\"  ><\/span>\n\t\t<\/span><\/div>\n\n<div      class=\"vc_row wpb_row section vc_row-fluid vc_inner \" style=' text-align:left;'><div class=\" full_section_inner clearfix\"><div class=\"wpb_column vc_column_container vc_col-sm-12\"><div class=\"vc_column-inner\"><div class=\"wpb_wrapper\">\n\t<div class=\"wpb_text_column wpb_content_element  fina\">\n\t\t<div class=\"wpb_wrapper\">\n\t\t\t<p>Works<\/p>\n<div id=\"link64_adl_tabid\" style=\"display: none;\" data-url=\"http:\/\/www.stoagallery.com\/wp-admin\/post.php?post=3602&amp;action=edit&amp;lang=en\">24<\/div>\n\n\t\t<\/div> \n\t<\/div> <div class=\"separator  normal   \" style=\"margin-top: 1px;margin-bottom: 25px;background-color: #b4b4b4;\"><\/div>\n<\/div><\/div><\/div><\/div><\/div><div class='projects_holder_outer v5 portfolio_with_space portfolio_with_hover_text'>\n        <div class='projects_holder portfolio_main_holder clearfix v5  hover_text portfolio_full_image portfolio_one_by_one'>\n        \n        <article class='mix portfolio_category_173 default' style=''>\n    \n    \n    \n                <div class='image_holder'>\n                <a itemprop='url' class='portfolio_link_for_touch' href='https:\/\/www.stoagallery.com\/en\/portfolio_page\/jan-valdes-works\/' target='<br \/>\n<b>Warning<\/b>:  Undefined variable $target in <b>\/srv\/vhost\/stoagallery.com\/home\/html\/wp-content\/plugins\/bridge-core\/modules\/shortcodes\/shortcode-elements\/_portfolio-list\/templates\/portfolio-item.php<\/b> on line <b>47<\/b><br \/>\n'>\n                    \n<span class='image'><img decoding=\"async\" width=\"723\" height=\"723\" src=\"https:\/\/www.stoagallery.com\/wp-content\/uploads\/2024\/02\/CAYETANA-LA-VIUDA-JAN-VALDES.png\" class=\"attachment-full size-full wp-post-image\" alt=\"\" srcset=\"https:\/\/www.stoagallery.com\/wp-content\/uploads\/2024\/02\/CAYETANA-LA-VIUDA-JAN-VALDES.png 723w, https:\/\/www.stoagallery.com\/wp-content\/uploads\/2024\/02\/CAYETANA-LA-VIUDA-JAN-VALDES-300x300.png 300w, https:\/\/www.stoagallery.com\/wp-content\/uploads\/2024\/02\/CAYETANA-LA-VIUDA-JAN-VALDES-150x150.png 150w, https:\/\/www.stoagallery.com\/wp-content\/uploads\/2024\/02\/CAYETANA-LA-VIUDA-JAN-VALDES-570x570.png 570w, https:\/\/www.stoagallery.com\/wp-content\/uploads\/2024\/02\/CAYETANA-LA-VIUDA-JAN-VALDES-500x500.png 500w, https:\/\/www.stoagallery.com\/wp-content\/uploads\/2024\/02\/CAYETANA-LA-VIUDA-JAN-VALDES-700x700.png 700w\" sizes=\"(max-width: 723px) 100vw, 723px\" \/><\/span>                <\/a>\n\n                <span class='text_holder'>\n    <span class='text_outer'>\n        <span class='text_inner'>\n            <div class=\"hover_feature_holder_title\">\n                <div class=\"hover_feature_holder_title_inner\">\n                    \n                        \n    <h5 itemprop=\"name\" class=\"portfolio_title entry_title\"><a itemprop=\"url\" href=\"https:\/\/www.stoagallery.com\/en\/portfolio_page\/jan-valdes-works\/\"  target=\"_self\"> JAN VALDES WORKS<\/a><\/h5>\n\n\n                        \n                            <span class=\"project_category\"  >\n    JAN VALDES WORKS    <\/span>\n\n                                    <\/div>\n            <\/div>\n\n            \n            <span class='feature_holder'>\n                <span class=\"feature_holder_icons\">\n\n                    \n                            <a itemprop='url' class='preview qbutton small white' href='https:\/\/www.stoagallery.com\/en\/portfolio_page\/jan-valdes-works\/' target='_self'>view<\/i><\/a>\n    \n                                    <\/span>\n            <\/span>\n\n            \n        <\/span>\n    <\/span>\n<\/span>\n            <\/div>\n                    \n    \n<\/article>\n        <div class='filler'><\/div>\n            <div class='filler'><\/div>\n            <div class='filler'><\/div>\n            <div class='filler'><\/div>\n            <div class='filler'><\/div>\n        <\/div>\n\n    \n    <\/div><\/div><\/div><\/div><\/div><\/div><div      class=\"vc_row wpb_row section vc_row-fluid \" style=' text-align:left;'><div class=\" full_section_inner clearfix\"><div class=\"wpb_column vc_column_container vc_col-sm-12\"><div class=\"vc_column-inner\"><div class=\"wpb_wrapper\">\n\t<div class=\"wpb_text_column wpb_content_element \">\n\t\t<div class=\"wpb_wrapper\">\n\t\t\t<div id=\"link64_adl_tabid\" style=\"display: none;\" data-url=\"http:\/\/www.stoagallery.com\/wp-admin\/post.php?post=276&amp;action=edit&amp;lang=es\">939<\/div>\n\n\t\t<\/div> \n\t<\/div> <\/div><\/div><\/div><\/div><\/div><div      class=\"vc_row wpb_row section vc_row-fluid \" style=' text-align:left;'><div class=\" full_section_inner clearfix\"><div class=\"wpb_column vc_column_container vc_col-sm-12\"><div class=\"vc_column-inner\"><div class=\"wpb_wrapper\">\n\t<div class=\"wpb_text_column wpb_content_element \">\n\t\t<div class=\"wpb_wrapper\">\n\t\t\t<div id=\"link64_adl_tabid\" style=\"display: none;\" data-url=\"http:\/\/www.stoagallery.com\/wp-admin\/post-new.php?lang=en&amp;post_type=page&amp;trid=276&amp;source_lang=es\">53<\/div>\n\n\t\t<\/div> \n\t<\/div> <\/div><\/div><\/div><\/div><\/div>\n<\/div>","protected":false},"excerpt":{"rendered":"","protected":false},"author":1,"featured_media":13770,"parent":0,"menu_order":0,"comment_status":"closed","ping_status":"open","template":"","meta":{"footnotes":""},"class_list":["post-13764","page","type-page","status-publish","has-post-thumbnail","hentry"],"_links":{"self":[{"href":"https:\/\/www.stoagallery.com\/en\/wp-json\/wp\/v2\/pages\/13764","targetHints":{"allow":["GET"]}}],"collection":[{"href":"https:\/\/www.stoagallery.com\/en\/wp-json\/wp\/v2\/pages"}],"about":[{"href":"https:\/\/www.stoagallery.com\/en\/wp-json\/wp\/v2\/types\/page"}],"author":[{"embeddable":true,"href":"https:\/\/www.stoagallery.com\/en\/wp-json\/wp\/v2\/users\/1"}],"replies":[{"embeddable":true,"href":"https:\/\/www.stoagallery.com\/en\/wp-json\/wp\/v2\/comments?post=13764"}],"version-history":[{"count":5,"href":"https:\/\/www.stoagallery.com\/en\/wp-json\/wp\/v2\/pages\/13764\/revisions"}],"predecessor-version":[{"id":13819,"href":"https:\/\/www.stoagallery.com\/en\/wp-json\/wp\/v2\/pages\/13764\/revisions\/13819"}],"wp:featuredmedia":[{"embeddable":true,"href":"https:\/\/www.stoagallery.com\/en\/wp-json\/wp\/v2\/media\/13770"}],"wp:attachment":[{"href":"https:\/\/www.stoagallery.com\/en\/wp-json\/wp\/v2\/media?parent=13764"}],"curies":[{"name":"wp","href":"https:\/\/api.w.org\/{rel}","templated":true}]}}

<div class="wpb-content-wrapper"><div class="vc_row wpb_row section vc_row-fluid " style=' text-align:left;'><div class=" full_section_inner clearfix"><div class="wpb_column vc_column_container vc_col-sm-12"><div class="vc_column-inner vc_custom_1435425032139"><div class="wpb_wrapper">
	<div class="wpb_text_column wpb_content_element ">
		<div class="wpb_wrapper">
			<h1>JAN VALDES</h1>
<div id="link64_adl_tabid" style="display: none;" data-url="http://www.stoagallery.com/wp-admin/post.php?post=3602&amp;action=edit&amp;lang=en">39</div>

		</div> 
	</div> </div></div></div></div></div><div      class="vc_row wpb_row section vc_row-fluid  vc_custom_1435433057859" style=' text-align:left;'><div class=" full_section_inner clearfix"><div class="wpb_column vc_column_container vc_col-sm-3"><div class="vc_column-inner"><div class="wpb_wrapper">
	<div class="wpb_single_image wpb_content_element vc_align_left  vc_custom_1708272135943">
		<div class="wpb_wrapper">
			
			<div class="vc_single_image-wrapper vc_box_shadow_border  vc_box_border_grey"><img fetchpriority="high" decoding="async" width="300" height="211" src="https://www.stoagallery.com/wp-content/uploads/2024/02/JAN-VALDES-300x211.jpg" class="vc_single_image-img attachment-medium" alt="" title="JAN-VALDES" srcset="https://www.stoagallery.com/wp-content/uploads/2024/02/JAN-VALDES-300x211.jpg 300w, https://www.stoagallery.com/wp-content/uploads/2024/02/JAN-VALDES.jpg 500w" sizes="(max-width: 300px) 100vw, 300px" /></div>
		</div>
	</div>
</div></div></div><div class="wpb_column vc_column_container vc_col-sm-9"><div class="vc_column-inner vc_custom_1435433048401"><div class="wpb_wrapper">
	<div class="q_accordion_holder clearfix wpb_content_element accordion without_icon  not-column-inherit" data-active-tab="" data-collapsible="yes" data-border-radius="0">
			
				<h6 class="clearfix title-holder" style="color: #000000; background-color: #ffffff;"><span class="accordion_mark left_mark"><span class="accordion_mark_icon"></span></span><span class="tab-title">ABOUT JAN VALDES</span><span class="accordion_mark right_mark"><span class="accordion_mark_icon"></span></span></h6>
				<div  class="accordion_content no_icon">
			<div class="accordion_content_inner">
				
	<div class="wpb_text_column wpb_content_element  fina">
		<div class="wpb_wrapper">
			<p><em>The artist was born in Havana (Cuba) in 1979. He studied Drawing, Painting, and Engraving at the Academy of Fine Arts of San Alejandro (Havana/Cuba), where he has also worked as a teacher. He has participated in individual and group exhibitions in Cuba, Spain, and Canada. His work is figurative, colorful, and filled with a large dose of humor. Multiple influences emerge in his paintings that contribute to enriching his critical spirit. He reinterprets and paraphrases some works by the greatest painters in pieces of baroque compositions where exuberant nudes proliferate. But he also uses extraordinary literary pieces to reflect on great existential themes. As a Cuban artist, a critical vision of capitalist society and its contradictions could not be missed.</em></p>
<p style="text-align: justify;"><em><span class="Estilo89"> </span></em></p>
<div id="link64_adl_tabid" style="display: none;" data-url="http://www.stoagallery.com/wp-admin/post-new.php?lang=en&amp;post_type=page&amp;trid=276&amp;source_lang=es">61</div>

		</div> 
	</div> 
			</div>
				</div>

				<h6 class="clearfix title-holder" style="color: #000000;"><span class="accordion_mark left_mark"><span class="accordion_mark_icon"></span></span><span class="tab-title">CURRICULUM</span><span class="accordion_mark right_mark"><span class="accordion_mark_icon"></span></span></h6>
				<div  class="accordion_content no_icon">
			<div class="accordion_content_inner">
				
	<div class="wpb_text_column wpb_content_element ">
		<div class="wpb_wrapper">
			<p><strong>JAN VALDES TELLEZ<br />
</strong></p>
<p><strong> </strong></p>
<p><strong>Academic Studies:</strong></p>
<ul>
<li>Drawing, Painting, Sculpture. Elementary School of Art “Antonio Diaz Pelaez”. La Habana, Cuba.</li>
<li>Drawing, Painting, and Engraving. San Alejandro Academy of Fine Arts. La Habana, Cuba.</li>
<li>Scenographic design. Higher Institute of Art. (ISA). Havana Cuba.</li>
</ul>
<p><strong>Solo exhibitions:</strong><strong> </strong></p>
<p>2024_ <em>Una mirada cubana</em>, solo exhibition, STOA Gallery, Spain. Curated by Conchi Alvarez</p>
<p>2020_ <em>En La nada todo cabe</em>. Solo exhibition. Galería Esto no es un café, La Habana, Cuba.</p>
<p>2015_ Por <em>el Lado más salvaje de la vida</em>. Solo exhibition. Centro de Desarrollo de las Artes Visuales. Cuba</p>
<p>2009_ Inventario. Solo exhibition. Fundación Ludwig. Cuba.</p>
<p>2008_ <em>Lo Extraordinario de la Vida Ordinaria</em>. Solo exhibition. Galería 23 y 12. Cuba</p>
<p>2005_ <em>Un poco de Todo</em>. Solo exhibition. Murcia, España.</p>
<p>2004_ <em>Caprichos del destino</em>. Solo exhibition. Galería A. Díaz Peláez. Cuba.</p>
<p>2001_ <em>Presunta Identidad</em>. Solo exhibition. Galería Belkis Ayón. Cuba.</p>
<p><strong>Group exhibitions:</strong><strong> </strong></p>
<p>2022_<em>Héroes y villanos</em>. Group exhibition. Centro de Cultura Contemporánea Cárcel Vieja. Ayuntamiento de Murcia, Two Art Gallery e Instituto de Arte y Cultura. Murcia, España.</p>
<p>2008_ <em>Por unos dólares Más</em>. Art Toronto. Canada.</p>
<p>2008_ <em>Anuario de pintores noveles</em>. Group exhibition. Galerías Fivars. España.</p>
<p>2007_ <em>Cuba y Europa. Visiones</em>. Group exhibition. Edificio de la Quinta. Cuba</p>
<p>2006 _ <em>III Salón “Panorama 42”.</em> Group exhibition.  Galería Wilfredo Lam. Cuba.</p>
<p>2003_ <em>I Salón Internacional de San Alejandro</em>. Group exhibition. Galería A. Díaz Peláez. Cuba.</p>
<p>2002_ <em>Causa y Azares</em>. Group exhibition. Galería Concha Ferrant. Cuba.</p>
<p><strong>Awards:</strong></p>
<p>2022_ First Prize in “The John Dalton &#8230;gently does it Art Prize.” Kaleido.</p>
<p>2006_ Audiovisual First Prize . III Salón “Panorama 42”. (Grupo Contrabajo.)</p>
<p>2004_ Painting First Prize “<em>Arturo Montoto</em>”. San Alejandro Academy of Fine Arts. La Habana, Cuba</p>
<div id="link64_adl_tabid" style="display: none;" data-url="http://www.stoagallery.com/wp-admin/post.php?post=3602&amp;action=edit&amp;lang=en">35</div>

		</div> 
	</div> 
			</div>
				</div>

	</div> </div></div></div></div></div><div      class="vc_row wpb_row section vc_row-fluid " style=' text-align:left;'><div class=" full_section_inner clearfix"><div class="wpb_column vc_column_container vc_col-sm-12"><div class="vc_column-inner"><div class="wpb_wrapper">	<div class="vc_empty_space"  style="height: 50px" ><span
			class="vc_empty_space_inner">
			<span class="empty_space_image"  ></span>
		</span></div>

<div      class="vc_row wpb_row section vc_row-fluid vc_inner " style=' text-align:left;'><div class=" full_section_inner clearfix"><div class="wpb_column vc_column_container vc_col-sm-12"><div class="vc_column-inner"><div class="wpb_wrapper">
	<div class="wpb_text_column wpb_content_element  fina">
		<div class="wpb_wrapper">
			<p>Works</p>
<div id="link64_adl_tabid" style="display: none;" data-url="http://www.stoagallery.com/wp-admin/post.php?post=3602&amp;action=edit&amp;lang=en">24</div>

		</div> 
	</div> <div class="separator  normal   " style="margin-top: 1px;margin-bottom: 25px;background-color: #b4b4b4;"></div>
</div></div></div></div></div><div class='projects_holder_outer v5 portfolio_with_space portfolio_with_hover_text'>
        <div class='projects_holder portfolio_main_holder clearfix v5  hover_text portfolio_full_image portfolio_one_by_one'>
        
        <article class='mix portfolio_category_173 default' style=''>
    
    
    
                <div class='image_holder'>
                <a itemprop='url' class='portfolio_link_for_touch' href='https://www.stoagallery.com/en/portfolio_page/jan-valdes-works/' target='<br />
<b>Warning</b>:  Undefined variable $target in <b>/srv/vhost/stoagallery.com/home/html/wp-content/plugins/bridge-core/modules/shortcodes/shortcode-elements/_portfolio-list/templates/portfolio-item.php</b> on line <b>47</b><br />
'>
                    
<span class='image'><img decoding="async" width="723" height="723" src="https://www.stoagallery.com/wp-content/uploads/2024/02/CAYETANA-LA-VIUDA-JAN-VALDES.png" class="attachment-full size-full wp-post-image" alt="" srcset="https://www.stoagallery.com/wp-content/uploads/2024/02/CAYETANA-LA-VIUDA-JAN-VALDES.png 723w, https://www.stoagallery.com/wp-content/uploads/2024/02/CAYETANA-LA-VIUDA-JAN-VALDES-300x300.png 300w, https://www.stoagallery.com/wp-content/uploads/2024/02/CAYETANA-LA-VIUDA-JAN-VALDES-150x150.png 150w, https://www.stoagallery.com/wp-content/uploads/2024/02/CAYETANA-LA-VIUDA-JAN-VALDES-570x570.png 570w, https://www.stoagallery.com/wp-content/uploads/2024/02/CAYETANA-LA-VIUDA-JAN-VALDES-500x500.png 500w, https://www.stoagallery.com/wp-content/uploads/2024/02/CAYETANA-LA-VIUDA-JAN-VALDES-700x700.png 700w" sizes="(max-width: 723px) 100vw, 723px" /></span>                </a>

                <span class='text_holder'>
    <span class='text_outer'>
        <span class='text_inner'>
            <div class="hover_feature_holder_title">
                <div class="hover_feature_holder_title_inner">
                    
                        
    <h5 itemprop="name" class="portfolio_title entry_title"><a itemprop="url" href="https://www.stoagallery.com/en/portfolio_page/jan-valdes-works/"  target="_self"> JAN VALDES WORKS</a></h5>


                        
                            <span class="project_category"  >
    JAN VALDES WORKS    </span>

                                    </div>
            </div>

            
            <span class='feature_holder'>
                <span class="feature_holder_icons">

                    
                            <a itemprop='url' class='preview qbutton small white' href='https://www.stoagallery.com/en/portfolio_page/jan-valdes-works/' target='_self'>view</i></a>
    
                                    </span>
            </span>

            
        </span>
    </span>
</span>
            </div>
                    
    
</article>
        <div class='filler'></div>
            <div class='filler'></div>
            <div class='filler'></div>
            <div class='filler'></div>
            <div class='filler'></div>
        </div>

    
    </div></div></div></div></div></div><div      class="vc_row wpb_row section vc_row-fluid " style=' text-align:left;'><div class=" full_section_inner clearfix"><div class="wpb_column vc_column_container vc_col-sm-12"><div class="vc_column-inner"><div class="wpb_wrapper">
	<div class="wpb_text_column wpb_content_element ">
		<div class="wpb_wrapper">
			<div id="link64_adl_tabid" style="display: none;" data-url="http://www.stoagallery.com/wp-admin/post.php?post=276&amp;action=edit&amp;lang=es">939</div>

		</div> 
	</div> </div></div></div></div></div><div      class="vc_row wpb_row section vc_row-fluid " style=' text-align:left;'><div class=" full_section_inner clearfix"><div class="wpb_column vc_column_container vc_col-sm-12"><div class="vc_column-inner"><div class="wpb_wrapper">
	<div class="wpb_text_column wpb_content_element ">
		<div class="wpb_wrapper">
			<div id="link64_adl_tabid" style="display: none;" data-url="http://www.stoagallery.com/wp-admin/post-new.php?lang=en&amp;post_type=page&amp;trid=276&amp;source_lang=es">53</div>

		</div> 
	</div> </div></div></div></div></div>
</div>
